er when 33 is divided by q(-2)?
6
Let k(r) = -2*r**2 - 3*r - 3. Let t be k(-2). Let h = t + 5. Suppose -3*w + 42 = -5*m + 2*m, -5*w - 3*m + 110 = h. What is the remainder when w is divided by 7?
5
Suppose -5*p = -4*m + 15, -2 = -2*m - 4*p + 12. Suppose 210 = m*g - 5*y, 88 = 4*g + 3*y - 108. Calculate the remainder when g is divided by 12.
10
Let i be -1 + 5 + 2 + -1. Suppose 2*t - i = -3*t. Let m = 2 - t. What is the remainder when m is divided by 1?
0
Let i = 20 + -11. Let s be 6/i + 2/6. Let m = s - 0. What is the remainder when 1 is divided by m?
0
Suppose -3*p = 4*b + 6, 2*b + b - 2*p + 13 = 0. Calculate the remainder when 154/8 - 2/8 is divided by 3 + (b + -4)*-1.
9
Let a = 21 + -36. What is the remainder when (-351)/a + 4/(-10) is divided by (-164)/(-14) - (-4)/14?
11
Let c be (-4 + 3)*-1*3. Let p = 6 - c. Suppose 0 = -b - 0*b + 4. What is the remainder when b is divided by p?
1
Let v = 3 + -3. Let j be -6 + -2*(-4)/8. Let x = v - j. Calculate the remainder when 8 is divided by x.
3
Let z(p) = 3*p**2 + 3*p - 5. Suppose 5*x - 41 = 4*b, -3*b - 32 + 0 = -4*x. Calculate the remainder when z(b) is divided by 11.
9
Let o be (-2 - -52)*3/6. Suppose 10 = 5*r, 3*f - 3*r - 2 - o = 0. What is the remainder when (10/15)/(2/60) is divided by f?
9
Let z(o) = o**3 - 9*o**2 - 17*o + 6. Suppose -4*n + 4*c + 72 = 0, -3*c - 96 = -2*n - 3*n. What is the remainder when z(11) is divided by n?
19
Suppose 0 = -3*t + 3*u + 113 + 10, 121 = 3*t - 5*u. Suppose -2*a + 24 + 6 = 0. Calculate the remainder when t is divided by a.
12
Let g(x) = -14*x. Suppose -4*v = 3*z - 155, 4*v = z - 30 - 27. What is the remainder when z is divided by g(-1)?
11
Let v(s) = -s**2 - 6*s + 5. Let m = -3 + 5. Suppose -5*o + 2*u = -16, -3*o - 2*u + m = -7*u. What is the remainder when v(-4) is divided by o?
1
Let d be (-1 + 1)/(-7 + 5). Suppose 0 = -d*s - s + 9. Calculate the remainder when 35 is divided by s.
8
Suppose -4*q + 138 = 5*c, -5*c + 2*q - 4*q + 144 = 0. Calculate the remainder when c is divided by 27.
3
Let o(f) = -f**2 + 8*f + 1. What is the remainder when o(7) is divided by 5?
3
Let p(i) = 10*i - 3. Let m be 4*((-9)/6)/(-1). What is the remainder when p(m) is divided by 20?
17
Let r = -517 - -810. Suppose -5*u = -r - 282. Suppose u = 5*g + 4*l, 3*g = -g + l + 71. Calculate the remainder when g is divided by 7.
5
Let v(m) = 3*m**2 + 13*m + 4. Let o be v(10). What is the remainder when (-10)/25 - o/(-10) is divided by 11?
10
Let f(m) = m + 5. Let g(x) = 1. Let p(c) = -f(c) + 6*g(c). What is the remainder when 42 is divided by p(-10)?
9
Let l = 38 - 28. What is the remainder when 27 is divided by l?
7
Suppose l - 3*v + v - 81 = 0, -3*v + 197 = 2*l. Calculate the remainder when l is divided by 24.
19
Suppose 0 = b + 2*q + 9 + 1, -2*b = 5*q + 24. Suppose -u - 3 = 1. Let i = b - u. What is the remainder when i is divided by 2?
0
Let y(h) = 2*h**3 - 5*h**2 + 3*h + 1. What is the remainder when (-8 + (-117)/6)*-2 is divided by y(3)?
17
Let b(l) = -2*l + 1. Let m be b(-2). Suppose a - 7 = 3*h - 0, -2*h = m*a - 18. Let j = -4 - -7. What is the remainder when a is divided by j?
1
Let n be 1180/14 - 10/35. Let c = -48 + n. What is the remainder when c is divided by 19?
17
Suppose 204 - 71 = 7*k. What is the remainder when 147 is divided by k?
14
Let y = 1 - -4. Let u = 10 - y. Calculate the remainder when u is divided by 2.
1
Let k(d) = 23*d - 1. Calculate the remainder when 85 is divided by k(1).
19
Let n = 153 + -76. Calculate the remainder when n is divided by 28.
21
Let q(g) = 14*g - 1. What is the remainder when 24 is divided by q(1)?
11
Suppose 0 = -2*l - 3*l + 60. Calculate the remainder when 22 is divided by l.
10
Suppose -5*o + 2*m = -0*m - 17, 0 = m + 1. Calculate the remainder when (0 + 0)/2 - -21 is divided by (o/2)/((-27)/(-198)).
10
Let v = 36 + -15. What is the remainder when 39 is divided by v?
18
Suppose -3*h = 4*j + 6, 4*h + 8 = -6*j + j. Suppose j = 6*q - 3*q - 24. Let s = -4 + q. Calculate the remainder when 7 is divided by s.
3
Let n = 16 + -9. Let h(a) = -a**2 + 6*a + 8. Let g be h(6). Suppose -3*i + 5*i = g. Calculate the remainder when n is divided by i.
3
Suppose -2*n + 5*y = 2*n - 92, -n = -2*y - 20. Let j(w) = -2*w**2 - 16*w - 18. Calculate the remainder when n is divided by j(-6).
4
What is the remainder when 100 is divided by 1 - (-1 - (18 - 3))?
15
Suppose 2*z - w + 103 = 7*z, z + w = 19. Calculate the remainder when z is divided by 11.
10
Let l be 3/6 - (-10)/4. Let w = 20 - l. Calculate the remainder when w is divided by 9.
8
Suppose 8*i - 60 = 4*i. What is the remainder when 42 is divided by i?
12
Let s(j) = 18*j**2 + j - 2. What is the remainder when s(1) is divided by 5?
2
Let z(b) = b**3 + 8*b**2 - 2*b - 8. Calculate the remainder when 20/4*1*3 is divided by z(-8).
7
Suppose -92 = 104*y - 108*y. What is the remainder when 85 is divided by y?
16
Let k(q) = 2*q**2 + 13*q + 4. Calculate the remainder when k(-13) is divided by 44.
41
Calculate the remainder when 20 is divided by (2/(-4)*-2)/(2/14).
6
Let k be 3/(-5) - (-1284)/15. Let l = 5 - 3. Suppose 0 = 3*u + l*u - k. What is the remainder when u is divided by 6?
5
Suppose -33 = -q - 7. Let w(j) = -j - 2. Let o be w(-5). Suppose -o*u + 56 = u. Calculate the remainder when q is divided by u.
12
What is the remainder when (9/6 - 3)*-12 is divided by 10?
8
Let h(p) = 10*p + 78. Calculate the remainder when -17*(-1 - (3 - 1)) is divided by h(-6).
15
Suppose -4*y - 2*a + 118 = 0, -2*y - 2*y = -4*a - 136. Let q = -16 + y. Calculate the remainder when q is divided by 9.
6
Let p(i) = -i**3 - 4*i**2 + 3*i - 4. Let m(d) = -d**2 + 7*d - 2. Calculate the remainder when m(5) is divided by p(-5).
2
Let p = -18 - -26. Calculate the remainder when 31 is divided by p.
7
Suppose s - 238 = -3*h, 0 = -2*h + 3*s + s + 168. Suppose 0*c - h = -5*c. Calculate the remainder when 47 is divided by c.
15
Let y(r) = r**3 - 14*r**2 + 13*r + 38. What is the remainder when y(13) is divided by 7*(3 + -1) - 1?
12
Let c(v) = v + 8. Suppose -2*p + 26 = -20. What is the remainder when p is divided by c(0)?
7
Let c(h) = 3*h - 3. Suppose 4*g + 3*y - 6 - 2 = 0, -3*y = 0. What is the remainder when c(2) is divided by g?
1
Suppose 2*s - 1 - 3 = 0. Suppose 4*z = 0, -s*n + 4 = 2*z - 6. Let q = 1 - -11. Calculate the remainder when q is divided by n.
2
Let m = 31 - 15. Let s = m + -6. Calculate the remainder when s is divided by 4.
2
Let n = 46 + 3. What is the remainder when n is divided by 17?
15
Let r be (16 + -2)*3/6. Suppose -3*u + 45 = m - r*u, -50 = -3*m - 5*u. Suppose z + a = -z + m, 0 = 5*z - 2*a - 49. What is the remainder when z is divided by 4?
3
Let b(h) = h + 4*h - 3*h**2 - h**3 - 2*h - 1. Let j be b(-3). Let i = j + 26. What is the remainder when i is divided by 6?
4
Let a(f) = f**2 - 6*f + 3. Let i be a(10). Suppose 1 = -q, -i = -3*g - 3*q + q. Suppose 5*t - 171 - 44 = 0. What is the remainder when t is divided by g?
13
Calculate the remainder when 62 is divided by 14 - 5/((-5)/2).
14
Let m = -11 - -50. Suppose 0 = -z + 14. Calculate the remainder when m is divided by z.
11
Let d(q) = q. Let u be d(0). Suppose -2*p + 22 = f, -2*p + 3*p + 2*f - 11 = u. Calculate the remainder when 21 is divided by p.
10
Let i(t) = -t**3 + 5*t**2 + 5*t + 17. Let j(m) = m**2 + 3*m + 2. What is the remainder when j(4) is divided by i(6)?
8
Suppose 3*v + 4*k = 28, -2*v + 4 + 0 = -k. Suppose 4*c - v = 12. Calculate the remainder when 14 is divided by c.
2
Let q = 146 - 121. Calculate the remainder when 72 is divided by q.
22
Suppose 5*n - 4*q - 13 = 0, 2*n - q - 1 = 3. Let p = 1 - n. Suppose p*f = f - 9. Calculate the remainder when 26 is divided by f.
8
Let n be (-94)/3 - (-14)/(-21). What is the remainder when n/(-12)*63/4 is divided by 15?
12
Let u(s) = s**2 - 8*s - 8. Let o be u(8). Let a be (-5)/20 - 10/o. Calculate the remainder when 28 is divided by (-31)/(-3) + a/(-3).
8
Let t = -10 + 1. Let c = t - -69. Calculate the remainder when c is divided by 16.
12
Let y = 19 - -6. Let n(g) = g**3 + 7*g**2 + 9*g + 6. Let f be n(-6). Let p = f + y. What is the remainder when p is divided by 5?
3
Let w(q) = 18*q - 3. Let c be w(2). Suppose 0 = -4*h + 47 + c. Suppose -3*j = -10 - h. What is the remainder when j is divided by 4?
2
Let u = 35 - 19. Calcula